s w(y)?
9
Let a(r) = r**2 - 2*r. Suppose 5*y + 42 = 4*h, 3*y - y = 3*h - 35. Let m = 10 - h. Let v be (m/12)/(2/(-24)). What is a(v)?
3
Suppose -16 = -4*h + 2*v, 84*h - 5*v + 8 = 86*h. Let c(z) = z + 1. Let w(x) = 7*x. Let n = -11 + 5. Let u(j) = n*c(j) + w(j). Calculate u(h).
-2
Let i(w) = -11*w**2 + 44*w - 50. Let a(t) = -7*t**2 + 29*t - 33. Let s(h) = 8*a(h) - 5*i(h). Determine s(6).
22
Let z(j) = j**2 + 2*j. Let r = -16 - -31. Suppose 4*l + r = 9*l. Suppose -l*v - 8 = -5*h, 0*v - v = -4*h + 5. Determine z(v).
-1
Suppose 3*f = -4*a - 0*f - 9, 2*f = -3*a - 7. Let h(m) = m**2 + 2*m. Give h(a).
3
Let x(l) be the first derivative of l**4/4 - l**3/3 - l + 2. Suppose -17 = 2*d - 21. Suppose -2*s - 26 = -3*y + d*s, 0 = -y - 5*s - 23. Determine x(y).
3
Let z = 1514 - 1505. Let r(l) = -l**2 + 13*l - 2. What is r(z)?
34
Suppose -5*p + 71 - 31 = 0. Let q(l) = l**3 - 9*l**2 + 6*l + 7. What is q(p)?
-9
Let d(z) = 4*z - 66*z**2 - 66*z**2 + 194*z**2 - 60*z**2 - 1. Calculate d(-3).
5
Let m(o) be the second derivative of o**7/840 + o**6/40 + o**5/12 + 11*o**4/24 - 8*o**3/3 - 3*o. Let x(k) be the second derivative of m(k). Give x(-8).
-5
Let r(c) be the first derivative of -2 + 0*c**2 - c - 2/3*c**3 - 1/4*c**4. Let k = 8 + -11. Calculate r(k).
8
Let g(q) = q - 1. Let k(r) = -29*r**2 - 3*r + 3. Let i(b) = 3*g(b) + k(b). Give i(1).
-29
Let o(r) = 30*r - 56*r + 32*r + 133. What is o(-22)?
1
Let w(f) = f**2 - 5*f. Suppose 0 = q + q + 12. Let o(x) = -2*x + 2. Let d(c) = 6*c - 10. Let r(u) = 2*d(u) + 7*o(u). Let y be r(q). What is w(y)?
6
Let o(z) = -3 + 2*z**2 - 3*z + 3 - 3. Let c be o(3). Suppose b + 0 = -c. Let j(q) = -q**2 - 7*q - 2. What is j(b)?
4
Suppose 3*h - 4 = 5*h. Let y(t) = t**2 + 1. Let k(w) = -w**3 - 6*w**2 + w - 4. Let v(a) = h*k(a) - 11*y(a). Determine v(-2).
-11
Let p(w) = 2*w**2 + 3. Let z be -2 - (-2)/(8/20). Give p(z).
21
Let d = -1 + 4. Let q(l) = -4 - 4*l**3 - 19*l - 4*l**d + 22*l - 3*l**2 + 6*l**3. Calculate q(-3).
14
Let p(n) = -4 - 5*n + n**3 + 35*n**2 + 1 - 41*n**2. What is p(7)?
11
Let j(o) be the second derivative of o**4/3 + 331*o. Determine j(-1).
4
Let q(p) be the second derivative of 2*p**5/5 + p**3/6 + p**2/2 + 267*p. Determine q(-1).
-8
Suppose 0 = k + 4*k - 5, -4*k = -3*o + 5. Let b(f) = 17*f**o - 1 + 5*f**2 - 18*f**3 - 4 - 3*f. What is b(4)?
-1
Let q(s) = -27*s - 589. Let r be q(-22). Let f(v) = v**3 - 3*v**2 - 2*v - 7. What is f(r)?
33
Suppose 0 = -16*i + 82 + 302. Let h(x) = -2*x + 44. Give h(i).
-4
Let c(b) = -b**2. Let z(w) = w**2 - 7*w - 8. Let n(j) = -2*c(j) - z(j). Suppose 0 = 3*o + 12, -d + 5*o = 2*d - 32. Suppose d*x + x = -30. Give n(x).
2
Suppose -41 = 2*g - 4*v + 91, 4*g = -4*v - 276. Let b = -72 - g. Let r(z) = -z + 7. Let l(n) = 1. Let j(p) = 18*l(p) - 2*r(p). Determine j(b).
-4
Let t(r) = r + 4. Let l be t(-5). Let v(n) be the first derivative of 11*n**3/3 + n**2/2 + 14. Determine v(l).
10
Let z(c) be the second derivative of c**5/20 + 5*c**4/12 + 2*c**3/3 + 4*c**2 + 339*c. What is z(-4)?
8
Let k(n) = 4 + 0 - 3*n**2 + 4*n**2 - 7*n + 0*n**2. Suppose -176*b + 197*b = 105. What is k(b)?
-6
Suppose -2*r - 107 = 3*r + 4*i, -2*r - 3*i = 47. Let s = -23 + 1. Let u = r - s. Let h(v) = v**2 - v + 2. Calculate h(u).
8
Suppose -g + 2*f - 5 = 0, 4*g + 28*f - 23*f + 7 = 0. Let y(u) = -u**2 + 2*u + 6. Determine y(g).
-9
Let n(z) = -14*z - 2. Let x(c) = -16*c - 2. Let u(p) = 4*n(p) - 3*x(p). Determine u(-3).
22
Let x be 2/(-10) - ((-460)/50 - -11). Let n(g) = -g**2 + 2*g + 3. Calculate n(x).
-5
Let z(v) = -8*v + 3. Let p(h) = -3*h**2 + 12*h + 13. Let k(s) = 4*s**2 - 12*s - 14. Let u(f) = -2*k(f) - 3*p(f). Let y be u(13). What is z(y)?
-13
Let w(t) = -t**2 + 5*t + 13. Let j(n) = -2*n**2 + 2*n + 6. Let s be j(0). Let q be w(s). Let r(h) = -h**2 + 6*h + 10. Determine r(q).
3
Let a(r) = 5*r**3 - 2*r**2 + 1. Suppose 5*g + 19 = s, 4*s - 132 - 54 = -2*g. Let b = 43 - s. What is a(b)?
-6
Let n(i) = i**3 - 6*i**2 + 5*i - 24. Let y be n(6). Let b(a) be the second derivative of -1/6*a**3 + 0 + 3/2*a**2 - 3*a. What is b(y)?
-3
Suppose -a = -w + 12, -2 = a + 2*w + 1. Let r(s) be the third derivative of -s**6/120 - s**5/6 - 3*s**4/8 + 5*s**3/6 + s**2 - 4*s. What is r(a)?
5
Let m(n) = -4*n - 94. Let k(h) = h + 12. Let v(j) = 10*k(j) + m(j). Calculate v(-7).
-16
Let q(r) = -r - 4. Suppose 0*s - 2*s = -20. Suppose 8*y + 2 = s*y. Let v be 2 - (-18)/(-3) - y. Give q(v).
1
Let t(j) be the first derivative of -18 + 1/4*j**4 - 2*j + 3/2*j**2 - j**3. Determine t(3).
7
Let a(k) be the third derivative of -k**6/120 - 4*k**5/15 - k**4/24 - 5*k**3/2 + 39*k**2. Calculate a(-16).
1
Suppose -3*o - 20 = o, -3*o + 5 = -4*b. Let d(v) = 6*v - 13. Let q(c) = -7*c + 15. Let w(n) = -6*d(n) - 5*q(n). Give w(b).
8
Let t = -582 - -583. Let y(i) = 5*i**3 - 2*i**2 + i - 1. Give y(t).
3
Let f(y) = 2 - y**3 + 3 + 14*y - 28142*y**2 + 28133*y**2. Give f(-10).
-35
Let l(q) = 35*q - q**2 - 76*q + 12 + 34*q. What is l(-9)?
-6
Let b(t) be the third derivative of t**4/8 + t**3 + 3*t**2. Let m = 11 + -11. Suppose m*j - 12 = 2*j. Determine b(j).
-12
Suppose 0*f = 2*f - 4*r - 10, -2*f - 5*r = -1. Let x(h) = -27*h - f - 20*h + 51*h. What is x(-4)?
-19
Let x be 8/6*(1 + 2). Suppose 12 - 62 = -x*r + 5*p, 5*r = 2*p + 54. Let h = -14 + r. Let u(a) = a**2 + 5*a - 2. What is u(h)?
-6
Let n be -62 + (0 - 0 - (1 - -1)). Let y = n + 65. Let d(t) = -5*t**3 - 2*t + 1. Give d(y).
-6
Let y(b) = -b**2 - 11*b - 12. Suppose j + 115 = 5*j + 5*z, 2*z + 19 = j. Let d = j + -35. Determine y(d).
-2
Let r(k) = -k**3 + 30*k**2 + 2*k - 58. Let b be r(30). Let n(q) = -12*q**2 + 3*q - 1. Determine n(b).
-43
Let k be -2 + 3 + 1 - 1. Let l(t) = t + 1. Let f(r) = 3*r - 1. Let j be 10/(-30) + 2/(-3). Let g(m) = j*f(m) - 2*l(m). What is g(k)?
-6
Let k(v) = -2*v - 21. Let d be k(-13). Suppose 5*b - d*f - 20 + 0 = 0, 4*f + 6 = 2*b. Let g(y) = -3*y + 5. Calculate g(b).
-10
Let o(r) = 2*r**3 - 2*r**2 - 2*r. Suppose -3*t = -4*c + 10, 0 - 26 = -5*t - 4*c. Give o(t).
4
Let k(t) = -196 + 400 - t - 200. Let l = 11 + -7. Calculate k(l).
0
Let a be -1 + (-3 - -6 - 2). Suppose m = -a*m - s, m = -4*s. Let w(n) be the second derivative of -n**3/6 - n**2/2 + 5*n. Give w(m).
-1
Let m(d) = 0*d**2 + 351*d + 337*d - d**2 - 1 - 692*d. Let k be (3/6)/(2/(-24)). Give m(k).
-13
Let l(t) = -t**2 + 16*t + 2. Let n be l(16). Let q(b) be the first derivative of 2*b - 1 + 1/2*b**n. Give q(3).
5
Let t(z) be the first derivative of -z**2/2 - 3*z + 4. Suppose -2*v = -10 + 4. Suppose 2*x - v = x. What is t(x)?
-6
Let b(v) = -v**3 - 3*v**2 + v + 1. Let n(k) = -2*k**3 - 9*k**2 - 5*k + 6. Let p(w) = 3*b(w) - n(w). What is p(3)?
-6
Let i(f) = 3*f**2 + f**3 - 12*f + 0 + 9*f**2 - f**2 + 1 + 7. Give i(-12).
8
Let i = 791 - 786. Let n(t) = 3*t - 17. Determine n(i).
-2
Let a(u) = u**3 - 8*u**2 + 7*u. Suppose 2*s = -2, -2*d + 36*s + 12 = 38*s. Calculate a(d).
0
Let h(t) = t**3 - 2*t**2 + 2*t + 1. Let j = 20 - 18. Give h(j).
5
Let z be (-378)/72*(-16)/(-6). Let w(y) = y**3 + 14*y**2 - y + 12. What is w(z)?
26
Suppose 4 = 4*g - l - 5, 4*g - 5*l - 13 = 0. Let a be ((-1)/g)/(-5 + 55/10). Let k(p) = -10*p. Determine k(a).
10
Let l(w) = 6*w - 70*w**2 + 28*w**2 + 8 + 40*w**2. Determine l(4).
0
Let w(h) = h**2 + h + 3. Let l be w(0). Let m be 2*l/(-18)*-6. Suppose -m*g + 3 = 1. Let x(a) = 4*a**2. What is x(g)?
4
Suppose -2*a + 7 - 5 = 0. Let x(h) = 23*h**2 - 39*h**2 - h**3 + 23*h**2 + a - 6*h. Determine x(6).
1
Let v(a) = -2*a + 1. Suppose 3*p + r + 0*r + 6 = 0, -5*p - 12 = r. Calculate v(p).
7
Let g(n) = -1 + n**2 - n**3 + 3*n - 10*n**3 + 2 + 6*n**3 - 3. Calculate g(1).
-3
Let g(y) = 4*y**2 + y. Let k be g(1). Let m(v) be the third derivative of v**5/60 - v**4/6 + 6*v**2 - 20. What is m(k)?
5
Let s(q) = -q**2 + q + 1. Let y(n) be the first derivative of n**2 + 23*n + 4. Let f be y(-10). Determine s(f).
-5
Let p(f) = f**3 - 14*f**2 - 2*f + 10. Suppose -3*j + 41 = -10*k + 14*k, j = 4*k - 61. Give p(k).
-18
Suppose -7 - 3 = -o. Let m(i) = -5*i - i - 1 + o*i. Calculate m(1).
3
Let o be (0 - 4)*(-17)/4. Let r = o - 12. Let l(d) = d**3 - 4*d**2 - 4*d. What is l(r)?
5
Let j(v) be the second derivative of -v**4/6 + 2*v**2 + 7*v. Let i = 195 - 198. Calculate j(i).
-14
Let j(x) = -x**2 - 3*x + 5. Let c(y) = -2*y - 36. Let f be c(-16). Determine j(f).
1
Let q(d) = d